f q(p)?
0
Suppose -3*z - 3*a = a - 18, 2*z - 3*a + 5 = 0. Suppose 6*n - 3*n - 696 = -2*r, 0 = -z*r. What is the units digit of n?
2
Let s(v) = -59*v + 4. Let q = -39 + 36. Let x be s(q). Let g = x + -125. What is the units digit of g?
6
What is the ten thousands digit of 12187 + (-294)/84*(-4 - -6)?
1
Suppose -3*w = 2*s - 2*w - 463, -3*w = -5*s + 1141. Suppose -3*i - s + 29 = 0. Let t = 4 - i. What is the units digit of t?
1
Suppose 5*g - 1 = 9. Let b be -9 + 13 - 8/g. What is the units digit of b - (-4)/1 - -76?
0
What is the tens digit of (6/(-10))/(477/1590) - -22886?
8
What is the thousands digit of (579 + 251)/(3/(-570)*-4)?
9
Let f be (1 + -3)*-6 - 0. Suppose 39*o - f*o = 27783. What is the units digit of o?
9
Suppose -14*y - 22*y = -52884. What is the hundreds digit of y*(-3 + (3 - -1))?
4
What is the tens digit of -8 - 35364/(-1 - 6)?
4
Let m = 5298 + -1491. What is the hundreds digit of m?
8
Let w(x) = -x - 7. Let k be ((-6)/4 + 1)/((-19)/(-266)). Let q be w(k). Suppose -5*i + 1035 - 70 = -5*g, -2*i - 4*g + 356 = q. What is the tens digit of i?
8
Let i be 4/((-20)/(-6) - 2). Suppose 2*o + 0 = -5*n + 7, i*o - 13 = -5*n. Suppose 80 = -o*y + 1436. What is the tens digit of y?
2
Suppose -2*c + 2*n - 286 = 0, -5*c + 2*n - 848 = -148. Let l = c - -290. What is the units digit of l?
2
What is the units digit of 1*16427/1 - (20/(-5) - -1)?
0
Let p = 141 + -138. What is the units digit of 5/(5/(15/p)) + 38?
3
Suppose 0*r + 4349 = r - 3945. What is the thousands digit of r?
8
Let i be (8/6)/(20/180). Let n(p) = p**2 - 17*p + 8. Let r be n(i). What is the units digit of ((r/12 - -1) + 2)*-21?
8
Let t(z) = 403*z - 1 + 86*z**2 - 403*z. What is the tens digit of t(1)?
8
Suppose 10*g - 5 = 25. Let j be ((-14)/g)/((-52)/78). Suppose -260 = j*y - 918. What is the tens digit of y?
9
Let a = -6 - -15. Suppose -a = n + 3. What is the tens digit of (n/(-16))/(5/580)?
8
Let b(a) = 21*a - 164. Let c be b(8). Suppose 15*r = c*r + 13530. What is the tens digit of r?
3
Suppose -48 = -i - 3*i. Let c = 14 - i. What is the tens digit of 7491/77 + c/(-7)?
9
Let x = 48 - 39. Let w(r) = -6*r - 23. Let h(f) = 11*f + 48. Let u(p) = -3*h(p) - 7*w(p). What is the tens digit of u(x)?
9
Let d(x) = 122*x - 26. Let u be d(-13). Let l = u - -2732. What is the units digit of l?
0
Let x = 214497 + -138727. What is the units digit of x?
0
Let a = -115 + 124. Suppose -a*c = 10 - 37. Suppose c*d + o = -0*o + 690, 3*d = -5*o + 678. What is the hundreds digit of d?
2
Let l(i) = i**3 - 2*i**2 + 36. Let t be l(11). Suppose w = -2*w + 2*g + 675, 0 = 5*w - 4*g - t. What is the hundreds digit of w?
2
Suppose -c = -3*f - 9745, -69*c + 66*c - 2*f + 29279 = 0. What is the tens digit of c?
5
Let n(g) = g**3 - 26*g**2 + 25*g + 12. Let v be n(19). What is the units digit of v/(-18) + 15/9?
5
Suppose -4*f = 2*o - 9808, 0 = -4*o + 2*f + 11026 + 8580. What is the tens digit of o?
0
Suppose d - 5*w + 3 = 0, d + d = w + 3. Suppose 0 = 3*z - 3*j - 2211 + 645, 5*z - 2624 = -d*j. What is the units digit of z?
4
Let r(p) be the first derivative of p**4/12 - 5*p**3/6 - 27*p**2/2 + 32*p + 2. Let x(i) be the first derivative of r(i). What is the hundreds digit of x(-11)?
1
Let h be (-30)/(-50) - (-966)/(-10). Let o = 77 - h. Let a = o - 28. What is the hundreds digit of a?
1
Let x(h) be the third derivative of -h**4/6 + 9*h**3/2 - 20*h**2. Let l be x(7). Let n(p) = -246*p**3 + p**2 - 1. What is the units digit of n(l)?
6
Suppose -5*x = 4*u - 12125 + 2012, u - 5*x - 2547 = 0. What is the tens digit of u?
3
Let m be 1/(-6) + 1171/6. Suppose -m = 13*l - 18*l. What is the tens digit of l?
3
Let v = 2619 - 2330. What is the hundreds digit of v?
2
Suppose 0 = 4*f - 5*u - 13, -2*u = -f - 7*u + 22. Let i(p) = p**2 - 5*p - 14. Let b be i(f). What is the units digit of 8/((-10)/(-25) + b)?
0
Let b(z) = 9*z + 39. Let y(p) = 1. Let n(k) = -b(k) + 5*y(k). Let c = 15 + -30. What is the units digit of n(c)?
1
Let v = -679 - -726. Suppose -51388 - 19159 = -v*b. What is the thousands digit of b?
1
What is the ten thousands digit of (1800980/45 - (-3)/81*6) + 4?
4
Let u(o) be the second derivative of -o**5/20 - 11*o**4/12 + 2*o**3/3 - 51*o**2 + 6*o + 12. What is the thousands digit of u(-18)?
2
Let n = 69414 + -39684. What is the ten thousands digit of n?
2
Let z be -8 - -11 - 2/((-8)/(-2252)). Let p = 877 + z. What is the units digit of p?
7
Let c(b) = 23*b**3 - 2*b**2 - 2*b - 26. What is the tens digit of c(8)?
0
Let c = -306 - -619. Suppose -m = -c - 133. What is the hundreds digit of m?
4
Suppose -13*h = i + 5*h - 4996, 0 = -i + 2*h + 5036. What is the thousands digit of i?
5
What is the ten thousands digit of (((-336)/(-15))/(-4))/(2/20415*-3)?
1
What is the hundreds digit of ((-1576)/(-1))/((-79)/(-158))?
1
Let z(y) = -16*y - 25 + 2*y**2 - 4*y**2 - 2*y + y**2. Suppose -7*s - 117 = 2*s. What is the units digit of z(s)?
0
Suppose 0 = 4*t + 8*i - 4*i - 52, -t = 3*i - 11. What is the hundreds digit of 1868/18 - (-15)/(945/t)?
1
Let g be 1/(-1)*(-7)/(42/414). Let p = g + 1353. What is the hundreds digit of p?
4
Let g(w) = -4*w**3 + 5*w**2 - w - 1. Suppose -7*i = -10*i - 3*t - 9, 5*t = -3*i - 9. What is the hundreds digit of g(i)?
1
Suppose q + 51 = 84. Let g = -75 + 44. Let c = g + q. What is the units digit of c?
2
Suppose -2382 + 107 = -7*z. Let w = z - 282. What is the tens digit of w?
4
Let z be 2/(-10) - (-3)/(1 - -14). Suppose z = -5*m - 4*u - 5, 8*m - 5*m - 3*u - 24 = 0. What is the tens digit of 2360/28 + m - (-4)/(-14)?
8
Let s(x) = x**3 + x**2 - 40. Let o be s(0). Let a = 388 + o. What is the units digit of a?
8
Suppose 578472 - 186552 = 30*u. What is the thousands digit of u?
3
Let t(x) = -13*x**3 - 4*x**2 + 48*x + 76. What is the hundreds digit of t(-9)?
7
What is the hundreds digit of (-57748)/(-13) + ((-3)/13*-47 - 11)?
4
Let a(c) = c**3 + 24*c**2 - 31*c - 54. Let n be a(-25). Let s = 98 - n. Suppose -5*h + w + 404 = 0, 0 = -4*h + 3*w - s*w + 324. What is the tens digit of h?
8
Suppose 0*x - x = 15. Let h be (1 + x/10)*(-1 - -1). Suppose -b + 82 = 2*b - w, h = 2*w + 8. What is the units digit of b?
6
Let v(z) = z + 1. Let q(k) = -k**2 + 1. Let p(u) = 4*u**2 - 9*u - 7. Let x(h) = -p(h) - 3*q(h). Let c be x(9). What is the units digit of v(c)?
5
What is the tens digit of (-138 + (-221)/17)/((-2)/88)?
4
Let z be (1 + -2 + 12)/(2/112). Suppose 2*m + 2*m = z. What is the hundreds digit of m?
1
Let i = 145 - 127. Suppose q - 16 = 5*q, 3*j - 3*q = i. Suppose j*g = 75 + 39. What is the units digit of g?
7
Let s(a) = 432*a**2 - 35*a + 166. What is the hundreds digit of s(5)?
7
Suppose 10*u + 159 - 9 = 0. Let v be 5/u + 4/12. Suppose -2*z - 8*z + 1250 = v. What is the units digit of z?
5
Let q(k) = k**3 - 3*k**2 - 9*k - 42. Let s be q(6). Suppose -5*m = 2*p + 43, 0 = p + 4*p + 3*m + 117. Let o = s - p. What is the units digit of o?
6
Let i be 2/(-5) + (-1122)/170. Let j(x) = x**3 + 13*x**2 + 13*x - 2. What is the units digit of j(i)?
1
Suppose -5*q + 483 = o, -2*q = o + 2*o - 1423. Suppose o + 1683 = 4*k. Suppose 5*a - k = 4*t, 0 = 5*a - t - 795 + 259. What is the units digit of a?
7
Let l(n) = -13*n**3 + 8*n**2 + 51*n + 738. What is the tens digit of l(-13)?
8
Suppose 0 = s + 11*z - 10*z - 4023, 4*z = s - 4008. What is the thousands digit of s?
4
Suppose 1477 = 8*i - 5771. Suppose 96*c - 95*c - i = 0. What is the units digit of c?
6
Let h be 5/(-15)*9*(-6 - -1). Suppose 0 = -h*k + 14*k + 174. What is the units digit of k?
4
Let i(o) = 6*o**3 - 2*o**2 - 3*o + 5. Let r be ((-24)/(-5))/(2/5). Suppose 4 = -10*q + r*q. What is the units digit of i(q)?
9
Let b(p) be the second derivative of -3*p**5/20 + 29*p**4/12 - 17*p**3/6 + 9*p**2 + 6*p - 2. What is the units digit of b(8)?
2
Let d = -3 - -11. Suppose 11*h - d*h = -4*y + 1983, -487 = -y + h. What is the hundreds digit of y?
4
Let s = -4958 + 5729. What is the tens digit of s?
7
Let l be (821 + -17)/(9/96). Suppose -11*d - l = -19*d. What is the tens digit of d?
7
Let n(u) = -2*u**3 - u**2 + u. Let b be n(1). Let m be -13 - (b + (5 - 0)). What is the units digit of -28*-2*(-22)/m?
7
What is the thousands digit of (18/(-126) - 4)/((-2)/742)?
1
Let r(s) = 5*s + 11. Let f be r(-4). Let j(c) = -3*c - 30. Let k be j(f). Let d = 23 - k. What is the tens digit of d?
2
Le